{"id":9,"date":"2022-04-20T20:57:50","date_gmt":"2022-04-20T20:57:50","guid":{"rendered":"https:\/\/www.nespoloconstrutoraeimob.com.br\/site\/?page_id=9"},"modified":"2025-11-07T17:31:40","modified_gmt":"2025-11-07T20:31:40","slug":"inicio","status":"publish","type":"page","link":"https:\/\/www.nespoloconstrutora.com.br\/site\/","title":{"rendered":"In\u00edcio"},"content":{"rendered":"<div style=\"display: none;\">\n<p>construtora e imobili\u00e1ria passo fundo im\u00f3veis passo fundo, nespolo em passo fundo, casa, Passo Fundo RS, casa e construtora e imobili\u00e1ria aluguel passo fundo<\/p>\n<h1>casa em Passo Fundo,\u00a0nespolo passo fundo, im\u00f3veis passo fundo,<\/h1>\n<h2>casa em passo fundo, construtora e imobili\u00e1ria passo fundo e regi\u00e3o, im\u00f3veis passo fundo em passo fundo, casa venda nespolo construtora e imobili\u00e1ria aluguel passo fundo, construtora e imobili\u00e1ria em passo fundo rs, casa, para passo fundo e regi\u00e3o, casa para passo fundo e regi\u00e3o\u00a0construtora e imobili\u00e1ria aluguel construtora e imobili\u00e1ria aluguel passo fundo de casa em passo fundo, construtora e imobili\u00e1ria passo fundo e regi\u00e3o, im\u00f3veis passo fundo em passo fundo, casa venda nespolo construtora e imobili\u00e1ria aluguel passo fundo, construtora e imobili\u00e1ria em passo fundo rs, casa,<a title=\"construtora e imobili\u00e1ria aluguel construtora e imobili\u00e1ria aluguel passo fundo de casa em passo fundo, construtora e imobili\u00e1ria passo fundo e regi\u00e3o, im\u00f3veis passo fundo em passo fundo, casa venda nespolo construtora e imobili\u00e1ria aluguel passo fundo, construtora e imobili\u00e1ria em passo fundo rs, casa, para passo fundo e regi\u00e3o, casa para passo fundo e regi\u00e3o\" href=\"https:\/\/www.nespoloconstrutoraeimob.com.br\">para passo fundo e regi\u00e3o, casa para passo fundo e regi\u00e3o\u00a0construtora e imobili\u00e1ria aluguel construtora e imobili\u00e1ria aluguel passo fundo de casa em passo fundo, construtora e imobili\u00e1ria passo fundo e regi\u00e3o, im\u00f3veis passo fundo em passo fundo, casa venda nespolo construtora e imobili\u00e1ria aluguel passo fundo, construtora e imobili\u00e1ria em passo fundo rs, casa<\/a>, para passo fundo e regi\u00e3o, casa para passo fundo e regi\u00e3o\u00a0construtora e imobili\u00e1ria aluguel construtora e imobili\u00e1ria aluguel passo fundo de casa em passo fundo, construtora e imobili\u00e1ria passo fundo e regi\u00e3o, im\u00f3veis passo fundo em passo fundo, casa venda nespolo construtora e imobili\u00e1ria aluguel passo fundo, construtora e imobili\u00e1ria em passo fundo rs, casa, para passo fundo e regi\u00e3o, casa para passo fundo e regi\u00e3o\u00a0construtora e imobili\u00e1ria aluguel construtora e imobili\u00e1ria aluguel passo fundo de casa em passo fundo, construtora e imobili\u00e1ria passo fundo e regi\u00e3o, im\u00f3veis passo fundo em passo fundo, casa venda nespolo construtora e imobili\u00e1ria aluguel passo fundo, construtora e imobili\u00e1ria em passo fundo rs, casa, para passo fundo e regi\u00e3o,<a title=\"construtora e imobili\u00e1ria aluguel construtora e imobili\u00e1ria aluguel passo fundo de casa em passo fundo, construtora e imobili\u00e1ria passo fundo e regi\u00e3o, im\u00f3veis passo fundo em passo fundo, casa venda nespolo construtora e imobili\u00e1ria aluguel passo fundo, construtora e imobili\u00e1ria em passo fundo rs, casa, para passo fundo e regi\u00e3o, casa para passo fundo e regi\u00e3o\" href=\"https:\/\/www.nespoloconstrutoraeimob.com.br\/site\">casa para passo fundo e regi\u00e3o\u00a0construtora e imobili\u00e1ria aluguel construtora e imobili\u00e1ria aluguel passo fundo de casa em passo fundo, construtora e imobili\u00e1ria passo fundo e regi\u00e3o, cria\u00e7\u00e3o de sit<\/a>es em passo fundo, casa venda nespolo construtora e imobili\u00e1ria aluguel passo fundo, construtora e imobili\u00e1ria em passo fundo rs, casa, para passo fundo e regi\u00e3o, casa para passo fundo e regi\u00e3o<\/h2>\n<div id=\"attachment_747\" style=\"width: 353px\" class=\"wp-caption aligncenter\"><a href=\"https:\/\/www.nespoloconstrutoraeimob.com.br\/site\/wp-content\/uploads\/2013\/06\/per\u00edcia-m\u00e9dica-passo-fundo-rs.jpg\"><img decoding=\"async\" aria-describedby=\"caption-attachment-747\" class=\"size-full wp-image-747 \" title=\"construtora e imobili\u00e1ria aluguel construtora e imobili\u00e1ria aluguel passo fundo de casa em Passo Fundo\" src=\"https:\/\/www.nespoloconstrutoraeimob.com.br\/site\/wp-content\/uploads\/2013\/06\/per\u00edcia-m\u00e9dica-passo-fundo-rs.jpg\" alt=\"construtora e imobili\u00e1ria aluguel construtora e imobili\u00e1ria aluguel passo fundo de casa em Passo Fundo\" width=\"343\" height=\"300\" loading=\"lazy\" \/><\/a><p id=\"caption-attachment-747\" class=\"wp-caption-text\">construtora e imobili\u00e1ria aluguel construtora e imobili\u00e1ria aluguel passo fundo de casa em Passo Fundo<\/p><\/div>\n<\/div>\n","protected":false},"excerpt":{"rendered":"<p>construtora e imobili\u00e1ria passo fundo im\u00f3veis passo fundo, nespolo em passo fundo, casa, Passo Fundo [&hellip;]<\/p>\n","protected":false},"author":1,"featured_media":0,"parent":0,"menu_order":0,"comment_status":"closed","ping_status":"closed","template":"template-inicio.php","meta":{"footnotes":""},"_links":{"self":[{"href":"https:\/\/www.nespoloconstrutora.com.br\/site\/wp-json\/wp\/v2\/pages\/9"}],"collection":[{"href":"https:\/\/www.nespoloconstrutora.com.br\/site\/wp-json\/wp\/v2\/pages"}],"about":[{"href":"https:\/\/www.nespoloconstrutora.com.br\/site\/wp-json\/wp\/v2\/types\/page"}],"author":[{"embeddable":true,"href":"https:\/\/www.nespoloconstrutora.com.br\/site\/wp-json\/wp\/v2\/users\/1"}],"replies":[{"embeddable":true,"href":"https:\/\/www.nespoloconstrutora.com.br\/site\/wp-json\/wp\/v2\/comments?post=9"}],"version-history":[{"count":2,"href":"https:\/\/www.nespoloconstrutora.com.br\/site\/wp-json\/wp\/v2\/pages\/9\/revisions"}],"predecessor-version":[{"id":1722,"href":"https:\/\/www.nespoloconstrutora.com.br\/site\/wp-json\/wp\/v2\/pages\/9\/revisions\/1722"}],"wp:attachment":[{"href":"https:\/\/www.nespoloconstrutora.com.br\/site\/wp-json\/wp\/v2\/media?parent=9"}],"curies":[{"name":"wp","href":"https:\/\/api.w.org\/{rel}","templated":true}]}}